 = -462411*m + 6936216. Give a(15).
51
Let j(w) = 934*w - 5036. Give j(5).
-366
Let x(b) = -22478*b - 9485727. Calculate x(-422).
-11
Let j(n) = -18*n**3 - 178*n**2 + 3*n - 42. Calculate j(-10).
128
Let h(x) = 3*x**2 + 379*x + 2674. Determine h(-118).
-276
Let m(q) = 27874*q + 641091. Determine m(-23).
-11
Let l(m) = -53*m**2 - m + 46. Calculate l(-1).
-6
Let r(n) = n**3 + 29*n**2 - 1822*n - 9711. Calculate r(-5).
-1
Let w(k) = -12*k**2 - 8571*k - 8563. Calculate w(-1).
-4
Let s(k) = -k**3 - 3*k**2 - 232*k - 1293. Determine s(-6).
207
Let c(w) = 7*w**3 - 16*w**2 - 82*w + 16. Calculate c(4).
-120
Let d(o) = -47*o**2 + 1544*o + 199. Determine d(33).
-32
Let y(f) = 2*f**3 - 58*f**2 + 112*f - 104. Calculate y(27).
4
Let v(l) = -l**3 - 96*l**2 - 2856*l - 13895. Calculate v(-6).
1
Let q(n) = -6*n**2 + 54*n + 11766. Determine q(49).
6
Let v(l) = -9*l**2 - 2627*l - 189415. Calculate v(-130).
-5
Let a(d) = -719*d - 1586. Determine a(-2).
-148
Let m(s) = -s**3 + 10*s**2 - 305*s + 1919. What is m(7)?
-69
Let j(i) = -i**3 - 20*i**2 - 53*i + 139. What is j(-11)?
-367
Let a(p) = 4538*p - 476481. Give a(105).
9
Let y(v) = -6609766*v + 19829295. Calculate y(3).
-3
Let q(u) = 185*u**2 - 4281*u + 4638. What is q(22)?
-4
Let k(s) = -s**3 - 44*s**2 + 213*s - 220. Give k(3).
-4
Let q(s) = -8*s - 894. Give q(-28).
-670
Let i(g) = 2186*g**2 + 292*g - 14. Determine i(-2).
8146
Let j(o) = 7506*o - 1103466. Give j(147).
-84
Let h(x) = 2*x**3 - 33*x**2 - 562*x - 56. Calculate h(27).
79
Let r(o) = -4*o**2 + 10*o + 430. Determine r(19).
-824
Let v(y) = -7*y**2 - 2901*y + 13396. Calculate v(-419).
-12
Let p(v) = -146*v**2 + 6703*v + 7460. What is p(47)?
-13
Let x(k) = -2*k**2 - 195*k - 3610. What is x(-65)?
615
Let q(f) = -336*f + 32626. Calculate q(103).
-1982
Let o(k) = k**3 - 7*k**2 + 4287*k - 30017. Determine o(7).
-8
Let n(w) = 9*w**3 + 511*w**2 - 514*w - 4. What is n(1)?
2
Let f(m) = -18612*m + 37219. Determine f(2).
-5
Let i(l) = -3560*l + 81889. Calculate i(23).
9
Let i(f) = -1853*f - 6666. Calculate i(-3).
-1107
Let j(c) = 6399*c - 6377. Give j(1).
22
Let j(o) = 2721344*o - 10885387. Determine j(4).
-11
Let l(n) = n**3 - 10*n**2 + 245*n + 1266. What is l(-5)?
-334
Let s(i) = i**2 - 1071486*i + 6428880. Give s(6).
0
Let r(c) = -6*c**2 - 1376*c + 973. Calculate r(-230).
53
Let m(g) = 3*g**2 - 956*g - 284358. What is m(506)?
14
Let r(z) = -z**3 + 83*z**2 - 1642*z + 1579. Determine r(52).
19
Let m(q) = 2*q**3 + 435*q**2 + 11408*q + 189. Determine m(-187).
2
Let h(g) = -55*g**2 - 5074*g - 5. What is h(0)?
-5
Let x(l) = 3*l**2 - 1102*l - 5589. Give x(-5).
-4
Let j(g) = -g**3 + 530*g**2 + 5282*g - 526159. Give j(538).
5
Let g(q) = -465*q + 149215. What is g(321)?
-50
Let j(q) = 1236*q + 26762. Determine j(-23).
-1666
Let x(l) = -l**3 - 8*l**2 - 258*l - 11100. What is x(-21)?
51
Let o(h) = -16*h**2 + 272*h + 16761. Calculate o(42).
-39
Let z(b) = b**2 + 2046*b + 1018976. Determine z(-857).
3
Let m(h) = -15*h**3 + 14*h**2 - h - 113. Give m(0).
-113
Let n(x) = -5*x**3 + 418*x**2 - 141*x - 8685. Calculate n(83).
279
Let l(g) = 390*g + 14046. Determine l(-35).
396
Let d(z) = -1481*z + 4904. Give d(4).
-1020
Let k(x) = 126*x - 572. Calculate k(-4).
-1076
Let s(c) = 7465*c + 880864. What is s(-118)?
-6
Let r(x) = 5057*x - 10092. Give r(2).
22
Let a(c) = -2*c**2 - 1332*c + 76211. Determine a(53).
-3
Let n(b) = -b**2 - 161*b + 9626. What is n(-214)?
-1716
Let o(y) = 6*y**2 + 438*y - 4439. Calculate o(-82).
-11
Let p(w) = -3*w**2 + 14*w - 5. Determine p(-2).
-45
Let g(y) = -34*y**2 + 355*y + 452. What is g(12)?
-184
Let d(l) = -l**2 - 8*l + 2892. Give d(44).
604
Let n(b) = -b**3 + 46*b**2 + 106*b - 182. Determine n(48).
298
Let w(s) = -2*s**3 + 400*s**2 + 2902*s - 824. Give w(207).
4
Let m(o) = 1359133*o - 16309587. What is m(12)?
9
Let h(y) = -y**3 - 76*y**2 + 3281*y + 545. Determine h(-107).
4397
Let d(v) = v**3 + 46*v**2 - 794*v - 40964. Determine d(-41).
-5
Let b(x) = -72*x**2 - 407*x - 494. Calculate b(-4).
-18
Let w(z) = z**3 + 27*z**2 + 137*z - 24. Calculate w(-7).
-3
Let n(b) = 3305*b - 809721. Calculate n(245).
4
Let c(q) = -3635*q - 76172. Calculate c(-21).
163
Let m(a) = 24*a**3 + 3*a**2 + 31*a + 87. Determine m(-4).
-1525
Let y(p) = -4*p**2 - 1619*p - 36556. Give y(-24).
-4
Let f(m) = m**3 - 15*m**2 - 999*m + 13560. Determine f(13).
235
Let f(q) = 14*q**2 - 171*q + 29. Calculate f(13).
172
Let s(q) = -q**3 - 161*q**2 + 1932*q - 27. What is s(11)?
413
Let f(l) = 3*l**2 - 120*l - 951. What is f(57)?
1956
Let z(t) = -t**3 - 1473*t**2 + 6580*t + 992550. Calculate z(-1477).
6
Let k(g) = g**3 + 137*g**2 + 1330*g - 34980. Give k(-124).
-12
Let d(r) = 4220*r + 185712. Give d(-44).
32
Let y(c) = -3401*c - 146169. Determine y(-43).
74
Let h(f) = -2*f**2 - 10793*f - 53973. Determine h(-5).
-58
Let m(r) = r**2 + 2773*r - 98095. Give m(35).
185
Let y(b) = 17*b**2 - 870*b - 5823. What is y(-6)?
9
Let f(a) = a**3 - 203*a**2 + 6010*a + 91. Calculate f(36).
19
Let d(c) = -4*c**3 - 2995*c**2 + 9770*c - 4486. What is d(-752)?
26
Let v(u) = -81*u**3 + 555*u**2 + 92*u - 38. Calculate v(7).
18
Let p(d) = -d**3 + 128*d**2 - 3747*d + 440365. Determine p(126).
-5
Let d(p) = -96*p**2 + 3736*p + 289. Determine d(39).
-23
Let w(n) = 2*n**2 - 110*n - 193. Calculate w(56).
-81
Let n(w) = -4*w**3 + 803*w**2 + 1010*w + 69. Determine n(202).
69
Let l(b) = -72547*b - 2829301. Give l(-39).
32
Let c(h) = -h**3 + 25*h**2 + 68*h - 2820. Determine c(22).
128
Let g(d) = -54*d**2 + 780*d + 2823. Give g(-3).
-3
Let g(f) = 2*f**3 - 377*f**2 - 4193*f + 2792. Give g(199).
6
Let q(v) = 3*v**2 - 565*v + 12907. What is q(162)?
109
Let y(k) = 147*k + 1598. Give y(-8).
422
Let y(b) = 42629*b - 1406826. Calculate y(33).
-69
Let j(i) = -2149*i - 369647. What is j(-172)?
-19
Let b(y) = 15*y**2 + 2539*y - 116. Give b(-169).
-792
Let j(k) = -7*k**3 - 114*k**2 - 155*k - 269. Give j(-15).
31
Let f(c) = -164*c**3 - 26*c**2 + 53*c - 28. What is f(1)?
-165
Let j(o) = 51*o**3 + 195*o**2 - 84*o - 192. Give j(-4).
0
Let k(m) = -m**3 + 91*m**2 + 32*m - 18696. What is k(89)?
-6
Let o(w) = 78*w**2 + 18200*w + 91011. What is o(-5)?
1961
Let l(g) = -5*g**3 - 20*g**2 - 52*g - 107. Give l(-5).
278
Let r(j) = -33353*j - 233476. Calculate r(-7).
-5
Let s(f) = -1001*f**3 + 82076*f**2 + 490*f + 201. Determine s(82).
37
Let l(p) = 6*p**3 - 1301*p**2 - 1529*p + 653. Give l(218).
-1
Let s(v) = 70*v**3 + 12739*v**2 - 27*v + 28196. What is s(-182)?
-14
Let y(c) = 1030498*c - 66982364. Give y(65).
6
Let u(y) = 68*y + 9218. Give u(-133).
174
Let q(f) = 293340*f + 1466699. What is q(-5)?
-1
Let t(x) = 480*x**2 + 629269*x - 14430. Determine t(-1311).
-9
Let j(z) = 10471*z - 1643980. Give j(157).
-33
Let g(q) = q**2 + 127697*q + 638460. Give g(-5).
0
Let j(p) = 104*p**2 + 504*p + 355. Calculate j(-4).
3
Let u(a) = -3*a**2 + 149*a + 2054. Give u(61).
-20
Let m(y) = -y**2 + 112*y + 6678. Give m(-43).
13
Let t(q) = 126*q**2 + 802*q - 17418. Determine t(9).
6
Let z(y) = 2*y**2 + 470*y - 186558. Calculate z(210).
342
Let r(p) = -p**2 + 942*p - 7383. Determine r(8).
89
Let d(w) = 3*w**3 + 84*w**2 - 117*w - 3444. Calculate d(-28).
-168
Let z(p) = p**2 - 55905*p + 2457881. What is z(44)?
-3
Let w(x) = -6720*x - 60132. What is w(-9)?
348
Let p(t) = -t**3 + 30*t**2 - 107*t - 1148. Give p(25).
-698
Let z(f) = -2589*f - 19381. Determine z(-6).
-3847
Let z(u) = 326*u**2 - 23*u - 2995. Give z(-3).
8
Let z(u) = -395*u - 6006. Calculate z(-20).
1894
Let a(u) = 229*u**2 - 3913*u - 8314. What is a(19)?
8
Let f(x) = -9*x**2 - 33*x - 18. Calculate f(-12).
-918
Let z(u) = 4993*u - 234585. Calculate z(47).
86
Let a(t) = 13953*t - 97260. Give a(7).
411
Let b(p) = 20363*p - 61049. What is b(3)?
40
Let k(c) = -92*c + 6337. Determine k(66).
265
Let y(f) = -f**2 + 117*f - 1570. Calculate y(88).
982
Let y(w) = -w**3 - 29*w**2 - 246*w - 9559. Determine y(-31).
-11
Let w(o) = -11259*o + 979526. What is w(87)?
-7
Let s(h) = 2*h**3 + 109*h**2 - 53*h + 112. Calculate s(-55).
2
Let l(h) = 17*h**2 + 387*h - 938. Calculate l(-25).
12
Let q(o) = 53873*o + 2262670. Give q(-42).
4
Let k(z) = -22*z**3 - 277*z**2 + 29*z - 204. Give k(-13).
940
Let m(w) = -34*w**2 + 31499*w - 76660. What is m(924)?
32
Let j(r) = 2*r**2 + 3837*r - 19276. Give j(5).
-41
Let u(z) = z**2 - 1440*z + 323749. G